8
Let s(z) = -z**3 + 5*z**2 - z + 2. Let c be s(4). Suppose -4*r = 2*x - c, 4*x + 5 = r + 3*x. Let y(d) = 2 + 4 - 6 + 6 - d - 3. Give y(r).
-1
Let d(t) = t - 5. Let o be d(10). Suppose 7*z + o*z = 24. Let g(a) = -3*a**2 + 3*a - 1. Give g(z).
-7
Let w(a) = -5 + 19*a**2 + 0 - 21*a**2 - 2*a + 7. Calculate w(1).
-2
Let t(l) be the first derivative of -2*l**2 - 3*l + 5. Let m be 3/(-2)*(-48)/18. Suppose -6 = 7*x - m*x. Calculate t(x).
5
Let i(r) = -r + 2. Let b be i(-5). Let w(s) = s**3 - 8*s**2 + 6*s + 3. Determine w(b).
-4
Let r(x) = -1. Let b(s) = s**2 - 8*s + 6. Let n(d) = -b(d) - 2*r(d). Let v(h) = h**3 - 6*h**2 - 6*h - 4. Let t be v(7). What is n(t)?
11
Suppose 2*t - 3 = q, 3*t + 1 = -2*q + 2. Let j(h) = h**3 - 3*h**2 - 3*h - 1. Let z be j(4). Let b(a) = 1 + a - 2*a**z - 4*a**3 - 3*a + a**2. Calculate b(t).
-6
Let j(c) = 3*c**2 + 3*c - 1. Suppose 57*b - 9 = 54*b, 0 = -a + b. What is j(a)?
35
Let h(i) = -4*i + 10 - 5 + 5*i - 7. Determine h(9).
7
Let j(v) = -v**2 + 3*v + 9. Let n(r) = 2*r**2 - 4*r - 18. Let d(y) = -5*j(y) - 2*n(y). What is d(8)?
-1
Let z(l) be the second derivative of -7/6*l**3 - 12*l - 3*l**2 - 1/12*l**4 + 0. Determine z(-4).
6
Let g = 133 - 118. Suppose j = -0*n + 2*n - g, 0 = -2*j - 5*n + 6. Let q(l) = l**3 + 8*l**2 + 10*l. What is q(j)?
-21
Let p(f) = -f**2 - 2*f + 12. Let s = 1611 - 1607. Give p(s).
-12
Let d(i) = 17 + i + 0*i - 7*i + 5*i. Calculate d(11).
6
Suppose -3*v = -v - 10. Let m(p) be the third derivative of -1/12*p**5 + 0*p + p**3 + 0 - p**2 + 1/120*p**6 + 0*p**4. Calculate m(v).
6
Let f be (-6)/(-12) - (-3)/2. Let b be 4/8 - 3/f. Let k(s) = -4*s**3 - s**2 - s. Give k(b).
4
Let v(u) be the second derivative of -u**4/6 - 4*u**3/3 - u**2/2 - 6*u - 17. Determine v(-5).
-11
Let d be 600/(-8)*(-2)/3. Let o = 56 - d. Let l(z) = -z**3 + 7*z**2 - 4*z - 6. Give l(o).
6
Suppose p - 263*h = -260*h + 3, -2*p - 5*h = -28. Let j(t) = 2*t**3 + 12*t**2 + t + 1. Let m(v) = v**3 + v**2 + 1. Let a(x) = j(x) - 3*m(x). Give a(p).
7
Let h(c) = -2*c + 3 + 4*c + c - 7*c. Let n(f) = -f + 2 - 2*f - 2*f. Let w(x) = -4*h(x) + 3*n(x). Determine w(6).
0
Let k(f) = 2*f**2 + 10*f + 10. Suppose 18*u = -42 - 84. Give k(u).
38
Let g(k) = 11*k - 4. Suppose h - 2 = -3*x - 8, -2*x = 3*h + 11. Calculate g(x).
-15
Let s(o) be the second derivative of -o**3/6 + 9*o**2/2 - 661*o. Suppose -b - 3 = -3*t + 1, 28 = 4*b - t. Calculate s(b).
1
Let v = -161 + 159. Let l(f) = f + 3. Let c(h) = -3 + 0 + h + 2. Let t(d) = v*c(d) + l(d). What is t(4)?
1
Suppose 0 + 6 = 3*w. Let q be (w/(-3))/(3/(-18)). Let t(a) = -5*a + 2*a + 5*a - 6. Give t(q).
2
Let h = -43 + 45. Let b(q) = q**2 + 2*q. Calculate b(h).
8
Suppose -5*r - 2*u - 37 = 0, -r - 4*u + 9*u - 2 = 0. Let b(z) = z**2 + 10*z + 7. Determine b(r).
-14
Let a(x) be the third derivative of -x**4/24 - 11*x**3/6 + 536*x**2. Calculate a(-5).
-6
Let w(a) = 3*a - 2*a**2 - 1 + 3 + a**2. Let u = -19664 - -19668. Calculate w(u).
-2
Let u(s) = s**2 + 3*s. Let k = 50 - 48. Suppose 0 = -k*t + 4*p + 8, 4*t = -3*p - 39. Give u(t).
18
Let f(a) = -a**3 - a**2 + 3*a + 2. Let z be f(-2). Suppose -2*t - 4*u = 12, z = t - 5*t + 5*u + 28. Let l(y) = 2*y**3 - 2*y**2 - y. Give l(t).
6
Let h(a) be the second derivative of -a**3/3 + 7*a**2/2 - 3431*a. Suppose 8*f - 4*f = -20. Give h(f).
17
Let m(k) be the first derivative of -3*k**2/2 + 18*k - 48. Determine m(5).
3
Let z(v) = 1445 - 1440 + 5*v - 2*v - v + 0*v. What is z(-4)?
-3
Let d(q) = -15*q - 15. Let v(a) = -3*a - 3. Let x(o) = -5*d(o) + 24*v(o). Let r be (-3)/(-18)*5*(-3 - 3). Calculate x(r).
-12
Let j(n) be the first derivative of 1/3*n**3 - 11/2*n**2 + 13*n + 25. Calculate j(10).
3
Let q(i) = 5*i + 4. Let l(u) = 2*u + 1. Let s(g) = 7*l(g) - 2*q(g). Let d be ((-4)/12)/(0 - 1/12). Suppose 0 = p + 3*j - d, 1 = 5*p - 4*j - 0. Determine s(p).
3
Let m(r) = r**3 - r**2 + r + 2. Let i(u) = u - 6. Let v be i(6). Suppose -15 = d - 5*w, v*w + 9 = d + 3*w. Give m(d).
2
Let o = 385 + -377. Let s(n) = -2*n + 6. Give s(o).
-10
Let k = 7 + -5. Suppose m + 35 = 5*c + 3*m, -k*c - m = -14. Let w(y) = -8 + 4 - y**2 + 0 + c*y. Give w(5).
6
Let f(y) = 15*y - 9 + 1 + 9*y. Let d(q) be the first derivative of -4*q**2 + 3*q + 158. Let g(x) = -11*d(x) - 4*f(x). What is g(1)?
-9
Let y be 1*(-3)/((-6)/2). Suppose -4*r = -4, 2*r - y = -j + 6. Let p(z) = -z**2 + 6*z - 7. Give p(j).
-2
Let b(a) = -4*a - 1. Suppose -8*z + 21 = -z. Suppose -2 = r - z. Determine b(r).
-5
Let c(u) = -u**2 + 4*u. Let h be c(6). Let f = h + 11. Let z(p) = p**3 - p. Calculate z(f).
0
Let t = 6 + -4. Let a(f) = 40*f**2 + 4*f - 117*f**2 - 3 - f**3 + 35*f**2 + 43*f**2. Calculate a(t).
1
Let m(k) be the second derivative of -7*k**3/3 - 4*k**2 + 867*k. Calculate m(-3).
34
Suppose 0 = 9*r - 20 - 34. Let y(h) be the second derivative of 1/3*h**3 - 4*h - 3/2*h**2 + 0. What is y(r)?
9
Let q be -3*(-3)/((-54)/24). Let x(j) = -j**3 - 3*j**2 + j + 4. Give x(q).
16
Let i be ((-1)/(-2))/(2/(-12)). Suppose -s = -0*s - u - 5, 0 = -5*s + 4*u + 23. Let c(k) = -2*k + 0*k - 2*k + s*k - 1. Give c(i).
2
Let r be 0 + (10/2 - -2). Suppose -r*n + 4*n = 18. Let x(f) be the second derivative of f**5/20 + f**4/2 - 4*f**2 + 3*f. What is x(n)?
-8
Let r = -4 - -8. Let h(s) = -3*s**2 - 3*s - 2 + r*s**2 - 1. Give h(3).
-3
Let n(x) = 2 - 5*x + 17*x - 5*x - 8*x. Determine n(-8).
10
Let m(h) = 41*h + 88. Let k be m(-2). Suppose 3*d - 12 = -w, 4*w + d - 4 = -0*d. Let z(p) = 7*p + 0 + w - 1 - p**2. What is z(k)?
5
Let o(s) = -9 + 5 - 7*s + 14 + 4*s. What is o(5)?
-5
Let d(b) be the second derivative of 3/2*b**2 + 0 + 4*b - 1/3*b**3. Suppose 0 = 2*x + 6 - 2, 0 = -u - 4*x - 5. Determine d(u).
-3
Let g(f) be the second derivative of -1/12*f**4 - 18*f - 2*f**2 + 0 - 3/2*f**3. What is g(-7)?
10
Suppose -2*t - 9 = t, t = 3*x - 3. Let u(n) = 6*n**2 + x*n + n - 12*n**2 + 2*n**2. Suppose -2*g = -2, -4*j - 5*g + 3*g = 2. Calculate u(j).
-5
Let r(i) be the first derivative of 5*i**2/2 + 2*i - 18. Calculate r(-2).
-8
Let v(b) = 4*b**2 - 22*b - 12. Let u be v(7). Suppose 0*x + 2*x = 12. Suppose -u = x*k - k. Let j(n) = -n**3 - 5*n**2 + 7*n. Give j(k).
-6
Let p(d) = d**3 - 13*d**2 + 12*d + 11. Let t = 176 + -164. Calculate p(t).
11
Let v(d) = 3*d + 1. Let a be 8/10 - (-20)/(-25). Let g(m) = a*m + 7*m - 3*m + 1 + 4*m**2 + m**3. Let j be g(-3). Determine v(j).
-5
Let j(t) = -8*t**2 + 5*t + 2*t**2 + 220*t**3 - 219*t**3 - 27. What is j(6)?
3
Let i = -68 + 81. Suppose i*d - 4*d = -2*d. Let w(o) = -o**3 - o + 8. Give w(d).
8
Suppose -109 + 101 = 2*t. Let s(o) = o**3 + 4*o**2 - 2*o - 6. Determine s(t).
2
Let b(m) = m**2 + m + 1. Let t be (-9 - -11) + (-9)/3. Calculate b(t).
1
Let m(q) be the second derivative of -q**4/12 + 7*q**3/3 - 27*q**2/2 + 323*q. Determine m(11).
6
Suppose -49*x - 2*b = -53*x - 36, -b = -3*x - 26. Let a(d) = d**3 + 9*d**2 + 5*d + 2. What is a(x)?
26
Let j be 5/(((-35)/49)/((-2)/7)). Let g(p) = p**3 + p**2 + 2*p - 3. Give g(j).
13
Let m(c) = 0*c - 24 - 44*c + 39*c. What is m(-7)?
11
Let i = -24 - -22. Let l = -2 + i. Let c(t) = -2*t - 4. Calculate c(l).
4
Let k be (-14)/(-63)*(2 + 7). Suppose -4*b - 15 = -f - b, 5*f = -2*b + 7. Let j(w) = 9*w + f + 3 - 6*w**k + 13*w**2 + 0 + w**3. Calculate j(-6).
-12
Let s(x) = -3*x**3 - 2*x**2 - 2. Suppose 0 = -4*n - 2*z + 49 - 325, 2*n - z = -134. Let f = n - -66. What is s(f)?
14
Let q(p) be the third derivative of p**4/24 + p**3/6 + 24*p**2 - 1. Let i(s) = -s**2 - 3*s + 5. Let f be i(-5). Calculate q(f).
-4
Suppose 16 - 12 = 2*i. Let c(b) = 4*b**3 - 3*b**2. Determine c(i).
20
Let t be 4/10 - (-12)/(-5). Let h(a) = -4*a - 7. Let g(o) be the first derivative of -4*o**2 - 15*o - 32. Let m(w) = 4*g(w) - 9*h(w). Give m(t).
-5
Suppose -41*f - 621 = 28*f. Let d(i) = -2*i - 22. What is d(f)?
-4
Suppose 0 = -2*g + 43 + 9. Suppose 98 - g = -12*a. Let j(h) = -h**3 + h**2 - h - 1. Let u(w) = -6*w**2 + 5*w - 4. Let o(i) = j(i) + u(i). Determine o(a).
7
Let v(u) = -u - 8. Let g be v(-8). Suppose 2*d - 4*w - 24 = g, -4*d + w = -2*w - 28. Let z(m) = 7*m + 5 - 7 - d*m. What is z(-2)?
-8
Let j(v) = v**3 + 5*v**2 + 3*v - 4. Let l = -98 - -109. Suppose 0 = 5*n - l + 31. Calculate j(n).
0
Let u(i) = -i**2 + 2*i - 1. Let f(n) = -n**3 - 14*n**2 + 24*n. Let b(v) = f(v) - 5*u(v). What is b(-10)?
-35
Suppose -3*g - 3 + 28 = 4*s, g = -2*s + 11. Suppose -3*